(c).
8
Let r(u) = 154*u**2 + 31 - 155*u**2 + 36*u - 47*u. Calculate r(-14).
-11
Let d(o) be the second derivative of -o**5/20 + 13*o**4/12 + 5*o**3/2 - 27*o**2 + 5391*o. Give d(14).
-40
Let p = 90 - 20. Let l(s) = -s**2 - 38*s + 727. Let h be l(-51). Let q = h - p. Let g(i) = -2*i**2 - 8*i - 5. What is g(q)?
-29
Suppose -r + 17 = 7. Suppose 0 = 5*f - r, -2*y + 5*f - 4 - 14 = 0. Let s(x) = x**2 + 2*x + 2. Determine s(y).
10
Let n = -4 + -3. Let t = -4 - n. Let s(j) be the third derivative of -j**4/24 - j**3/3 + 46*j**2 - 28. Determine s(t).
-5
Suppose 0 = -47*t - 48*t + 1140. Let s(p) = p**2 - 14*p + 21. What is s(t)?
-3
Let t(r) be the second derivative of r**4/8 - 2*r**3/3 - 18*r**2 - 107*r. Let w(m) be the first derivative of t(m). Determine w(-2).
-10
Let c(f) = f**2 + 3*f. Let v(x) = 3*x**2 - 2*x - 18. Let h(n) = -4*c(n) + v(n). Let w(d) = d**2 - 42*d + 173. Let r be w(5). Give h(r).
6
Let u be (-162)/(-14) - 92/161. Let l(j) = -j**3 + 0 + u - j + 4*j**2 + 2*j - 2*j + 6*j**2. Determine l(10).
1
Let p(v) be the first derivative of v**4/4 - 5*v**3/3 + 17*v - 1373. Determine p(3).
-1
Let q(p) = -p**2 + 14*p - 19. Let y be q(13). Let o = -22 - -16. Let b be (y - o) + 3 + -2. Let g(k) = -8*k**3 + k**2 + k - 1. Calculate g(b).
-7
Let i(v) = -10*v + 2*v + 9 + 6*v**2 + v**3 + v**2. Suppose -19*l + 15*l - 5*t = -13, 41 = -4*l + t. What is i(l)?
9
Let r(y) be the first derivative of 63 + 1/2*y**2 + 6*y. What is r(-10)?
-4
Suppose 184 = 1740*a - 1832*a. Let t(x) = -5*x**3 - 2*x**2 + x - 3. Let z(l) = -6*l**3 - 3*l**2 + l - 4. Let m(n) = -3*t(n) + 2*z(n). Calculate m(a).
-21
Let n = 39/142 - -119/213. Let v(p) be the second derivative of 0 - n*p**3 + p**2 - 1/12*p**4 + 7*p. Calculate v(-6).
-4
Let y(i) = -i**2 - 103 - 138 + 0*i**2 + 215 - 2*i. Calculate y(0).
-26
Let h(i) = -11*i**3 - i**3 + 19*i**3 - 2*i + 0*i - 11*i**3 + 2*i**2. Calculate h(-2).
44
Let k(d) be the second derivative of d**3/3 + d**2 - d. Let j = -2 - -24. Suppose 0 = -11*c + j*c + 44. Give k(c).
-6
Let w be 31 - -5 - 6 - (-40)/(-10). Let i(q) = q**2 - 28*q + 16. Give i(w).
-36
Let b(i) = 496*i + 509*i + 493*i - 1518*i + 1. Determine b(1).
-19
Let l(w) = -16*w + 13. Let m(f) = -10*f + 13. Let g(s) = -2*l(s) + 3*m(s). Calculate g(7).
27
Let p(c) = -c**3 - 19*c**2 - 58*c + 34. Let m be p(-15). Let i(w) be the first derivative of 4/3*w**3 - 1/2*w**2 + 4*w - 1/4*w**m + 4. Calculate i(3).
10
Let z(j) be the second derivative of j**4/12 - j**3/6 + j**2 + j - 23. Let o(x) = 3*x - 68. Let d be o(21). Determine z(d).
32
Suppose 37*g = 30*g + 28. Let s be ((-6)/g)/(2/8). Let l(z) = z**2 + 1 - 2*z**2 + 1 + 5 - 5*z. Determine l(s).
1
Let l(d) = 3*d - 2*d**3 + d**3 + d**2 + 1 + 0*d**3. Let t = -11224 - -11222. What is l(t)?
7
Let b(v) be the first derivative of -v**5/120 - v**4/12 - 7*v**3/3 - v**2/2 - 54. Let r(l) be the third derivative of b(l). Give r(3).
-5
Let d(s) be the second derivative of -s**5/60 + 3*s**4/8 - 73*s**3/6 + 23*s. Let q(j) be the second derivative of d(j). Calculate q(7).
-5
Let g(h) = -h - 15. Let s be g(-20). Suppose -66 = -s*p + 3*r, 2*p - 22 = -0*p - r. Let v(x) = -8 - 1 + p - x. Determine v(-6).
9
Suppose 94 = 5*t - 5*m + 104, m = -4*t - 8. Let o(d) = -2*d**3 - d**2 + d + 1. Give o(t).
11
Let z(w) be the third derivative of w**8/20160 - w**7/504 - w**6/60 - 13*w**5/20 + w**2 + 9*w. Let v(k) be the third derivative of z(k). Determine v(10).
-12
Let m be 23/5 + ((-2)/(-15))/(4/(-18)). Let v(b) = -2*b**3 - 4*b**2 + 11*b - 5. What is v(m)?
-153
Let n = 9742 - 9740. Let k(u) be the third derivative of 0*u - 25*u**n - 4/3*u**3 + 0 - 1/24*u**4. Calculate k(-8).
0
Let d be (-1776)/(-160) - (-4)/(-40). Let y(m) = -5*m + 9. Suppose 4*a - 3 = -27. Let s(h) = -9*h + 18. Let l(b) = a*s(b) + d*y(b). What is l(-5)?
-4
Let v be ((-3)/9)/(1/9)*-2. Let k(w) = -8 + 3*w + 6 - v. Give k(-6).
-26
Let r(v) be the second derivative of -v**5/5 - v**4/4 - 17*v**3/6 - 2*v**2 - 286*v. Let g(x) = -x**3 - 2*x - 1. Let t(a) = 5*g(a) - r(a). What is t(5)?
-16
Let u(a) = 32*a**3 + 10*a**2 + 13*a + 37. Let i(l) = 17*l**3 + 5*l**2 + 7*l + 20. Let b(s) = -15*i(s) + 8*u(s). Determine b(-5).
1
Let i(j) = 2*j**2 + 44*j - 12. Let d(v) = -5*v**3 + 46*v**2 - 14*v + 23. Let x be d(9). Give i(x).
-12
Let p be 2/3*495/(-66) - -7. Let r(x) = 3*x**3 - 3*x**2 + 4*x - 2. Give r(p).
18
Let c(x) = -3*x + 25. Let k be c(6). Let a be (42/k - 7)/(1 - 2). Let d(q) be the second derivative of q**3/2 + q. What is d(a)?
3
Suppose 0 = -p + 3*f + 13, f - 20 = 5*p + 3*f. Let u(y) = 21*y - 7. What is u(p)?
-49
Let a(l) = -4*l**2 + 6*l + 25. Let r(z) = -7*z**2 + 13*z + 53. Let q(h) = 9*a(h) - 5*r(h). Determine q(-9).
-22
Let i(o) = -7*o**2 + 2*o - 1. Suppose q + 701 = 2*d, 5*d + 2*q + 915 = 2681. Let t = d + -351. Calculate i(t).
-6
Let m(z) = -z**2 + 2*z + 116. Suppose -1 = -47*q + 516. What is m(q)?
17
Let o = 54 + -56. Let i(x) = -10*x + 2 + x + 7*x - 9. Let f be i(o). Let u(q) = q - 1. Give u(f).
-4
Suppose -40*d + 26790 = -10*d. Let f = d - 888. Let v(c) = c**2 - 5*c + 4. Give v(f).
4
Let d(k) = -2*k + 6. Let m be (-3)/6 - -2 - 3/(-6). Suppose -4*q = -p - 37, 0 = -m*q + 3*p + p + 8. Determine d(q).
-14
Suppose 0 = 4*j + 4*i - 20, -2*j - 3 + 16 = 3*i. Suppose 3*g - 5*s + j*s = 33, -5*g - 3*s + 71 = 0. Let v(t) = -2*t + t - g*t. Give v(1).
-14
Let h(s) = s**3 - s**2 - s. Suppose 3*n + 8*c + 1084 = 12*c, 5*n + 1802 = 2*c. Let r = -361 - n. Give h(r).
-1
Let a(c) = -c**2 + 19*c - 4. Let q be a(19). Suppose 15 = -l + 6*l. Let t(x) = 8*x + 9 - 3*x - x - l*x. Determine t(q).
5
Let f be (6 - 4)*(-6)/4 + 3. Suppose 4*t - 3 + 23 = f. Let d(b) = b**2 + b - 3. Calculate d(t).
17
Let d(f) = -f**3 - 30*f**2 + 65*f + 49. Let p = 18627 + -18659. Determine d(p).
17
Let w(i) = -2*i**2 - 25*i + 15. Suppose r - 28 = 2*k, 5*k + 5*r + 71 = 8*r. What is w(k)?
2
Let g(p) = -2*p**3 - 2*p**2 + 2*p - 4. Let t(u) = 2*u**3 + 2*u**2 - 3*u + 5. Let x(k) = 4*g(k) + 3*t(k). Let n = -937 - -935. Calculate x(n).
9
Let y(b) be the first derivative of 6*b - 1/4*b**4 + 2*b**3 - 15 - 7/2*b**2. Calculate y(5).
-4
Let q(d) = -55*d - 19. Let a(m) = 28*m + 9. Let x(j) = -11*a(j) - 6*q(j). Let l(h) = -7*h - 5. Let n(w) = -7*l(w) - 2*x(w). Calculate n(4).
25
Let l = 1179 - 1187. Let m(f) be the first derivative of -3*f + 4*f**2 + 1 + 1/3*f**3. Calculate m(l).
-3
Let h(g) be the first derivative of -g**4/4 + 13*g**3/3 - 25*g**2/2 - g + 1731. Calculate h(11).
-34
Let d(t) = -t**2 + 9*t + 9. Suppose 0 = 4*i - 8*i + 124. Let z = 1303 - 1281. Let b = i - z. Give d(b).
9
Suppose -24*d + 3635 = 11*d + 3110. Let y(v) = -11*v + 161. What is y(d)?
-4
Suppose 5*o = 5*i - 2 - 3, i - 5*o - 9 = 0. Let g(p) be the first derivative of -p**2 + p + 344. Calculate g(i).
3
Let a(w) = -5*w + 7. Let d(x) = -2*x**2 + 4*x + 40. Let c be d(-4). Let m(t) = t**3 + 6*t**2 - 18*t - 11. Let s be m(c). Calculate a(s).
-18
Let o(d) = 787*d + 51 - 1533*d + 774*d - d**2. What is o(29)?
22
Let h(n) = 25*n - 291. Let p(l) = 46*l - 560. Let z(m) = 5*h(m) - 3*p(m). Calculate z(16).
17
Let f(b) = -19*b**3. Let v be 2*(-1 - -2)*4. Suppose -123*i - 12 = -120*i. Let h be (-2)/v - 5/i. What is f(h)?
-19
Suppose 0 = 7*t + 9 - 44. Suppose -t*v = -25, -2*u + 6*u + 5*v - 53 = 0. Let h(d) = d**3 - 6*d**2 - 9*d + 10. What is h(u)?
-4
Let z(f) be the third derivative of 1/120*f**6 + 0*f + 1/8*f**4 - 117*f**2 - 1/6*f**3 - 1/12*f**5 + 0. Calculate z(3).
-10
Let l(k) be the third derivative of -19*k - 1/60*k**5 - k**2 + 1/2*k**3 + 0 - 1/4*k**4. Let c be -7 + (-3 - -2)*-2. Give l(c).
8
Let z(n) = -1774*n + 3547*n - 1771*n + 2 + 10. What is z(-8)?
-4
Let f = -1 + 2. Let q(x) be the first derivative of 21*x**2/2 - 2*x - 29427. Give q(f).
19
Let q(h) = 11*h - 2. Let s(i) = 27*i - 5. Let u(z) = -5*q(z) + 2*s(z). Let n = -7 - -11. Let a(k) = k**2 + 11*k - 3. Let t(o) = n*u(o) + a(o). Calculate t(-6).
-9
Let l(q) = -q**2 + 2*q + 420. Let z be l(0). Suppose z = -7*k + 19*k. Let i(v) = k - 33 + 4*v - v**2 - 5*v. Give i(2).
-4
Let o be ((-7 + 7)/11)/(0 + -1). Let d(v) = -v**3 - 2*v**2 - 4*v - 27. Give d(o).
-27
Let t = 106242 + -106242. Let d(w) = w**2 - 1. Let p(z) = -7*z**2 - z + 11. Let s(a) = 5*d(a) + p(a). Determine s(t).
6
Suppose 3*t + 3*w = 9, -313*t - 3*w = -309*t - 14. Let v(i) = 2*i**3 - 7*i**2 - 20*i + 16. Calculate